 -5*i, 2*i - 21 = -o*g + t. Is i composite?
True
Let q be 1/1 - (1 - 0). Let l(j) = -j**3 + 6*j**2 + 2*j - 32. Let y be l(5). Suppose 93 = y*i - q*i. Is i composite?
False
Suppose 3*w + 2*w - k = 30, -5*k - 35 = -2*w. Suppose u + 4*y = 39, w*u - u - y = 88. Is u a composite number?
False
Let p(q) = 9*q**3 + 19*q**2 - 2*q + 37. Is p(17) a prime number?
True
Let n(m) = -3*m + 5. Let d be n(-11). Suppose -40*f + 4 = -d*f. Suppose 3*w - 155 = f*z, -w - w - z + 115 = 0. Is w prime?
False
Is 67228 - 90 - (-3 + 1 + 1) composite?
False
Let h = 4206 - 1627. Is h prime?
True
Let s(c) = 61*c**3 + 3*c**2 - 27*c - 29. Is s(10) a composite number?
False
Is 2/11 + (-81260)/(-44) prime?
True
Let h(v) be the third derivative of -v**5/30 + 5*v**4/12 - v**3/3 - 9*v**2. Let t be h(14). Let c = 528 + t. Is c a prime number?
False
Let z be (-11195)/(-13) - ((-460)/52 + 9). Let y = 1350 - z. Is y a composite number?
True
Let i(m) = 4728*m**2 + 2*m - 7. Is i(3) prime?
False
Let r(h) = 129*h**2 + 5*h**3 - 117*h**2 - 8 + 9*h - 4*h**3. Let p be r(-11). Let u(s) = -s**3 + 13*s**2 + 17*s - 3. Is u(p) a composite number?
True
Let p = 201606 - 143497. Is p prime?
True
Suppose 3*f - f + 3*m = 99, -93 = -2*f - m. Let s = f - 176. Is s/2*(-8)/4 composite?
False
Suppose -3*k = 16*k - 551627. Is k a composite number?
False
Let z(y) = 2208*y - 151. Is z(6) composite?
True
Suppose 40271 = 5*l + 3*k, 4*l - 5*k = -l + 40255. Is l a composite number?
False
Suppose h - 7*h = -1116. Suppose 4*w - 1918 = -3*s, -2*s - 5*w - h + 1474 = 0. Is s a prime number?
False
Is 462870/24 + (-9)/(-12) + 2 a composite number?
False
Let k(o) = -o**3 - o**2 + 2*o + 203. Let x be k(0). Suppose 5*t + x = 6*t. Is t a prime number?
False
Let n = 65416 - -50131. Is n composite?
False
Is (-4 - -3)*(-18853 - 16) prime?
True
Suppose 32 = -4*r - 28. Let i = -13 - r. Is (-3 + -64)/((-2)/i) composite?
False
Suppose 0 = t - 3*y - 2444, -2*t - 5*y = -4*t + 4883. Is t prime?
False
Let n be (-4)/(-10)*(-5 + -785). Let s = n + 533. Is s composite?
True
Is (33/(-9))/((-6)/4518) a composite number?
True
Let r(o) = -66*o - 3. Let d be r(-6). Let s = d + -226. Let h = s + 84. Is h composite?
False
Let v be 9050/20 + 2/4. Suppose -v = -2*z + 353. Is z prime?
False
Let b(p) = 175*p + 7. Let n be b(2). Is (n - -1)*(-4)/(-8) composite?
False
Let s be (-789)/(-4) + (-1)/4. Suppose -9*q + 28 = -17. Suppose 0 = -q*p + 608 + s. Is p a composite number?
True
Suppose 3*q = 20*j - 23*j + 14499, 0 = -3*q - 5*j + 14503. Is q prime?
True
Let k = -36 - -22. Let c(l) = l**3 + 9*l**2 + 9*l + 1. Let o be c(-7). Let j = k + o. Is j composite?
True
Let k(y) = 2*y**2 + 13*y - 13. Let d(f) = 6*f**2. Let n be d(-1). Suppose x = -1 + n, -10 = -b - 4*x. Is k(b) composite?
True
Let l(i) = -i**3 + 17*i**2 - 15*i + 16. Let p be l(14). Suppose 5*s + 4*f = 3171, s - 2*f = 229 + p. Is s prime?
True
Is ((-204694)/56)/(2/(-8)) a composite number?
False
Let v(i) = 2*i - 12 + 5 - 3. Let t be v(7). Suppose -f = t - 19. Is f a prime number?
False
Suppose 72 - 2 = 5*c. Let d = -10 + c. Let u(q) = 81*q + 5. Is u(d) a composite number?
True
Let t(l) = -26*l + 2845. Is t(0) prime?
False
Let w(u) = -u**2 - 3*u + 15. Let s be w(-5). Suppose 5*c = 5*j - 7550, 0*j - s*c = -2*j + 3011. Is j a composite number?
True
Suppose 180 = 5*j + j. Suppose p + 2*h = 61, -5*h - 5 = -j. Is p composite?
True
Let t(i) = i**3 + 4*i**2 - 3*i + 3. Let p be t(-5). Let f(c) = c**3 + 6*c**2 - 8*c - 7. Let w be f(p). Suppose -x + 641 - 100 = w. Is x a prime number?
True
Let k be (-1)/((-2)/8472) + 4. Suppose -5*n + 1515 = -k. Is n prime?
True
Let j be (-15)/6*(-4)/(-5). Is 223/(-1 - j) + 0 a composite number?
False
Let s = -22689 + 48056. Is s a prime number?
True
Let p(f) = 5*f - 28. Let u be p(5). Is (1/u)/(0 + 1/(-771)) a prime number?
True
Let g be (2676/(-10))/((-5)/25). Suppose g = -0*n + 6*n. Is n a composite number?
False
Let x = -38 + 18. Is (x/8 + 1)*296/(-6) a prime number?
False
Let t(j) = 408*j**2 + 9*j - 14. Is t(5) a prime number?
False
Let c = 2404 - 1073. Let i = 2020 - c. Is i prime?
False
Let r = 26414 + -14848. Suppose 0 = -20*g + 42454 + r. Is g a prime number?
False
Is (-16)/(-4 + 0) - (5 + -13043) a prime number?
False
Suppose 913 + 6092 = 5*g. Is g prime?
False
Suppose 0 = -14*r + 11*r - 6, 5*o - 5*r = 385355. Is o a prime number?
True
Let b(x) = 2*x**3 - 7*x**2 - x - 2. Let h be b(10). Let u = h + -843. Is u composite?
True
Suppose 2*p - 913 = r, 0 = -r - 2*r - 2*p - 2715. Is (-1 + -2)/3*r prime?
True
Let l be (-15)/10*((-105)/9 - 3). Is ((-586)/(-3))/(l/33) prime?
True
Let q = 43 + -25. Let t = q - -73. Is t a prime number?
False
Let l = -1355 - -3112. Is l prime?
False
Let l(x) = x**3 - 2*x**2 + 2*x + 3. Let h be l(0). Suppose -141 = -f - 2*c - c, h*c = 0. Is f a composite number?
True
Suppose 8546 = 2*l + 4*w, 4*w = -9*l + 12*l - 12869. Is l a composite number?
False
Let j(z) = z**2 + 2*z + 67. Let w be j(0). Suppose s + w - 318 = 0. Is s a prime number?
True
Let m(h) = h**2 - 4*h - 10. Let b be m(6). Suppose 0*k = -b*k + 614. Is k composite?
False
Suppose -m + 0 = -4. Suppose 0 = -m*b + 1053 - 289. Suppose 3*n - 159 = -5*j + b, -3*n + 283 = 4*j. Is j composite?
False
Let z = -820 - -1391. Suppose -148 = -p + 5*j - 10*j, -j - z = -4*p. Is p composite?
True
Suppose 0 = 9*j - 71743 + 14377. Let r = j - 1513. Is r composite?
False
Let m(t) = -184*t + 579. Is m(-21) a composite number?
True
Let q(w) = 27*w**2 - 3*w - 1. Let u = -19 + 1. Let p = 22 + u. Is q(p) prime?
True
Let z be 60/9 - 2/3. Let u(x) = -75*x - 17 + 41*x - z. Is u(-13) prime?
True
Let g(n) = 8*n**2 + n - 5. Let v be g(-9). Let m = -1 + v. Is m composite?
True
Let o = -2915 + 5682. Is o prime?
True
Let l(x) = -15*x**3 + 2*x**2 - 4*x + 3. Let d be ((-12)/9)/4*-6. Let b be l(d). Let p = 311 + b. Is p prime?
False
Let r = -14101 + 25055. Is r composite?
True
Suppose 0 = -x - 3*y + 6, 5*y + 75 = 4*x - 0*y. Let j be x/(-20) - 1198/(-8). Let i = j + -16. Is i a composite number?
True
Let l(a) = 915*a**2 - 4*a + 3. Let r be l(1). Suppose 9*t - 9985 = r. Is t prime?
False
Let i = -77 + -97. Let s = -87 - i. Is (4/((-4)/s))/(-1) prime?
False
Suppose 4*m = 4, -2*m = -2*x + 4 - 0. Suppose -x*y = -4*y + 80. Suppose -4*v + 0 = -2*d - 42, -5*v + y = 3*d. Is v a prime number?
True
Let i = 49261 - 17560. Is i composite?
True
Let a(d) = -d**3 - 11*d**2 - 9*d + 10. Let k be a(-10). Let o be (k + -1)/(1/(-9)). Let g(p) = -p**3 + 11*p**2 - 11*p - 8. Is g(o) a composite number?
True
Let o = 36 + -30. Suppose r - 112 = 4*z + 61, o = -2*z. Is r a prime number?
False
Suppose -19*v + 34255 = -60536. Is v a composite number?
True
Let u be 0/(10/5) - 8982/(-9). Let h be 0 - (0 - 1) - -1. Suppose -2*q = h*n - u, 0 = -5*q - 4*n + 2115 + 384. Is q prime?
True
Let b be 4/(-4) + -1 - -124. Suppose -2*x + b = -284. Is x prime?
False
Suppose -5*i + 38 = 13. Suppose -i*h + 172 = -543. Is h a prime number?
False
Let v(u) = 16*u**2 + 5*u - 84. Is v(5) prime?
False
Suppose 12*f - 15*f = -2*o - 31909, -10636 = -f + o. Is f a prime number?
False
Suppose -n + 8 = -5*n. Is (828/8 - n - 0)*2 a composite number?
False
Let z = -18 + 18. Suppose z = -5*l - 2*k + 1855, 4*k - 999 - 856 = -5*l. Is l composite?
True
Suppose -215730 = -7*n - 56837. Is n a composite number?
False
Suppose -4*h + 1 = -11. Suppose k + 1 = h*r + 9, k + 1 = 0. Let z(a) = 46*a**2 + a + 2. Is z(r) a prime number?
False
Let i = 148320 - 83453. Is i composite?
True
Let v(d) = 13*d + 30. Let j be v(-3). Is (j - 622)/(1 - 2) a prime number?
True
Suppose -231*h + 3*g + 514657 = -229*h, 2*h + 4*g = 514650. Is h prime?
False
Suppose -2*g = 3*u + 3 + 2, 5*u = g + 9. Let t be 12/(-10)*90/(-36). Is g + 3 + t + 2 a composite number?
True
Let c(o) = -4*o - o**3 + 9*o**2 + 1 - 3*o**2 + 4*o**2 + 0*o. Let v = -10 - -18. Is c(v) a prime number?
True
Suppose -4*x + 27 = 11. Is 4/16*x*329 a composite number?
True
Let u be (-7)/28 + 75/(-4). Let j = -22 - u. Is (-1785 - -1)/(-4) - j a prime number?
True
Suppose n + 170 = 1291. Suppose 5*j = -2*s + n, 13 = 3*j + 4. Is s a prime number?
False
Let h(o) be the second derivative of 1/2*o**2 - 4*o + 0 + 19/3*o**3. Is h(2) composite?
True
Suppose -4*j + 431 + 773 = 0. Suppose 5*z + 914 + j = 0. Is -4*(-2 - -3) - z prime?
True
Let r(t) = -4*t**3